{"id":51,"date":"2021-03-18T12:55:54","date_gmt":"2021-03-18T12:55:54","guid":{"rendered":"http:\/\/www.scoalaburuienesti.ro\/?page_id=51"},"modified":"2021-03-18T12:55:55","modified_gmt":"2021-03-18T12:55:55","slug":"despre-noi","status":"publish","type":"page","link":"https:\/\/www.scoalaburuienesti.ro\/index.php\/despre-noi\/","title":{"rendered":"Despre noi"},"content":{"rendered":"<div class=\"post-content\">\n<p><strong>Istoric:<\/strong><\/p>\n\n\n\n<p>Unitatea de \u00eenv\u0103\u0163\u0103m\u00e2nt&nbsp; \u015ecoala Buruiene\u015fti a fost \u00eenfiin\u0163at\u0103 \u00een anul&nbsp;<em>1884<\/em>&nbsp;de c\u0103tre autorit\u0103\u0163ile vremii asigur\u00eend nevoile de culturalizare ale copiilor din sat. Din anul 2002, \u00een memoria preotului Gheorghe Patra\u015fcu, fiu al satului, om cu \u00eenalte calit\u0103\u0163i spirituale, culturale \u015fi morale, \u015fcoala a purtat numele de \u015ecoala cu cls I-VIII \u201cGheorghe Patra\u015fcu\u201d,&nbsp; Buruiene\u015fti. \u00cen istoria sa, \u015ecoala gimnazial\u0103 \u201cGheorghe Patra\u015fcu\u201d&nbsp; Buruiene\u015fti a avut \u015fi statut de \u015fcoal\u0103 complementar\u0103, \u015fcoal\u0103 de ucenici, \u015fcoal\u0103 de arte \u015fi meserii. Unitatea are personalitate&nbsp; juridic\u0103, cu o grup\u0103 gr\u0103dini\u0163\u0103, 10 clase \u00eenv. primar din care 2 clase preg\u0103titoare&nbsp; \u015fi 8 clase \u00eenv. gimnazial \u015fi nu cuprinde&nbsp; structuri arondate avand cu un total de 386 pre\u015fcolari \u015fi elevi.<\/p>\n\n\n\n<p><strong>DOT\u0102RILE MATERIALE<\/strong><\/p>\n\n\n\n<p><strong>\u015ecoala gimnazial\u0103&nbsp;<\/strong><strong>\u201c<\/strong><strong>Gheorghe Patra\u015fcu<\/strong><strong>\u201d<\/strong>&nbsp;<strong>are 3 corpuri distincte:<\/strong><\/p>\n\n\n\n<p><strong>Corp A&nbsp; este format din<\/strong><strong>:<\/strong><\/p>\n\n\n\n<p>&#8211;&nbsp;&nbsp;&nbsp;&nbsp;&nbsp;&nbsp;&nbsp;&nbsp;&nbsp;&nbsp;<strong>7 s\u0103li de clas\u0103;<\/strong><\/p>\n\n\n\n<p>&#8211;&nbsp;&nbsp;&nbsp;&nbsp;&nbsp;&nbsp;&nbsp;&nbsp;&nbsp;&nbsp;<strong>Cabinet AEL;<\/strong><\/p>\n\n\n\n<p>&#8211;&nbsp;&nbsp;&nbsp;&nbsp;&nbsp;&nbsp;&nbsp;&nbsp;&nbsp;&nbsp;<strong>Laborator Educa\u0163ie tehnologic\u0103;<\/strong><\/p>\n\n\n\n<p>&#8211;&nbsp;&nbsp;&nbsp;&nbsp;&nbsp;&nbsp;&nbsp;&nbsp;&nbsp;&nbsp;<strong>Cancelarie, toate dotate cu infrastructur\u0103 corespunz\u0103toare \u015fi mobilier ergonomic.<\/strong><\/p>\n\n\n\n<p><strong>Corpul B este format din:<\/strong><\/p>\n\n\n\n<p>&#8211;&nbsp;&nbsp;&nbsp;&nbsp;&nbsp;&nbsp;&nbsp;&nbsp;&nbsp;&nbsp;<strong>9 s\u0103li de clas\u0103;<\/strong><\/p>\n\n\n\n<p>&#8211;&nbsp;&nbsp;&nbsp;&nbsp;&nbsp;&nbsp;&nbsp;&nbsp;&nbsp;&nbsp;<strong>1 sal\u0103 de gimnastic\u0103 cu 2 vestiare;<\/strong><\/p>\n\n\n\n<p>&#8211;&nbsp;&nbsp;&nbsp;&nbsp;&nbsp;&nbsp;&nbsp;&nbsp;&nbsp;&nbsp;<strong>1 sal\u0103 de festivit\u0103\u0163i cu 180 locuri;<\/strong><\/p>\n\n\n\n<p>&#8211;&nbsp;&nbsp;&nbsp;&nbsp;&nbsp;&nbsp;&nbsp;&nbsp;&nbsp;&nbsp;<strong>Cabinet director;<\/strong><\/p>\n\n\n\n<p>&#8211;&nbsp;&nbsp;&nbsp;&nbsp;&nbsp;&nbsp;&nbsp;&nbsp;&nbsp;&nbsp;<strong>Secretariat;<\/strong><\/p>\n\n\n\n<p>&#8211;&nbsp;&nbsp;&nbsp;&nbsp;&nbsp;&nbsp;&nbsp;&nbsp;&nbsp;&nbsp;<strong>2 s\u0103li cu material didactic.<\/strong><\/p>\n\n\n\n<p><strong>Corpul C este format din:<\/strong><\/p>\n\n\n\n<p>&#8211;&nbsp;&nbsp;&nbsp;&nbsp;&nbsp;&nbsp;&nbsp;&nbsp;&nbsp;&nbsp;<strong>2 s\u0103li de clas\u0103;<\/strong><\/p>\n\n\n\n<p><strong>Bibliotec\u0103 cu 3500 de volume cu calculator \u015fi acces la internet plus Centru Documentare \u015fi Informare,<\/strong><\/p>\n\n\n\n<p><strong>sal\u0103 dotat\u0103 cu 10 calculatoare racordate la internet \u015fi 10 imprimante.&nbsp; \u0218coala mai de\u021bine \u00een&nbsp; plus alte 40 calculatoare func\u0163ionale cu acces la internet.<\/strong><\/p>\n\n\n\n<p><strong>Elevii \u015fcolii au acces la terenul de sport multifunc\u0163ional cu gazon sintetic \u015fi instala\u0163ie de nocturn\u0103, at\u00eet \u00een timpul orelor de educa\u0163ie fizic\u0103, c\u00eet \u015fi dup\u0103 ore. Biblioteca este deschis\u0103 8 ore pe zi\/ 1 s\u0103pt\u0103m\u00een\u0103 da, 1 nu.<\/strong><\/p>\n\n\n\n<p><strong>Nu de\u0163inem mijloace de transport pentru elevi, acestea nefiind necesare.<\/strong><\/p>\n<\/div>","protected":false},"excerpt":{"rendered":"<p>Istoric: Unitatea de \u00eenv\u0103\u0163\u0103m\u00e2nt&nbsp; \u015ecoala Buruiene\u015fti a fost \u00eenfiin\u0163at\u0103 \u00een anul&nbsp;1884&nbsp;de c\u0103tre autorit\u0103\u0163ile vremii asigur\u00eend nevoile<a href=\"https:\/\/www.scoalaburuienesti.ro\/index.php\/despre-noi\/\">Know More<i class=\"fa fa-long-arrow-right\" aria-hidden=\"true\"><\/i><\/a><\/p>\n","protected":false},"author":1,"featured_media":0,"parent":0,"menu_order":0,"comment_status":"closed","ping_status":"closed","template":"","meta":{"ngg_post_thumbnail":0,"footnotes":""},"class_list":["post-51","page","type-page","status-publish","hentry"],"_links":{"self":[{"href":"https:\/\/www.scoalaburuienesti.ro\/index.php\/wp-json\/wp\/v2\/pages\/51","targetHints":{"allow":["GET"]}}],"collection":[{"href":"https:\/\/www.scoalaburuienesti.ro\/index.php\/wp-json\/wp\/v2\/pages"}],"about":[{"href":"https:\/\/www.scoalaburuienesti.ro\/index.php\/wp-json\/wp\/v2\/types\/page"}],"author":[{"embeddable":true,"href":"https:\/\/www.scoalaburuienesti.ro\/index.php\/wp-json\/wp\/v2\/users\/1"}],"replies":[{"embeddable":true,"href":"https:\/\/www.scoalaburuienesti.ro\/index.php\/wp-json\/wp\/v2\/comments?post=51"}],"version-history":[{"count":1,"href":"https:\/\/www.scoalaburuienesti.ro\/index.php\/wp-json\/wp\/v2\/pages\/51\/revisions"}],"predecessor-version":[{"id":52,"href":"https:\/\/www.scoalaburuienesti.ro\/index.php\/wp-json\/wp\/v2\/pages\/51\/revisions\/52"}],"wp:attachment":[{"href":"https:\/\/www.scoalaburuienesti.ro\/index.php\/wp-json\/wp\/v2\/media?parent=51"}],"curies":[{"name":"wp","href":"https:\/\/api.w.org\/{rel}","templated":true}]}}