{"id":231,"date":"2024-04-08T17:59:45","date_gmt":"2024-04-08T17:59:45","guid":{"rendered":"https:\/\/www.scoalaburuienesti.ro\/?page_id=231"},"modified":"2024-04-08T17:59:45","modified_gmt":"2024-04-08T17:59:45","slug":"inscriere-gradinita","status":"publish","type":"page","link":"https:\/\/www.scoalaburuienesti.ro\/index.php\/inscriere-gradinita\/","title":{"rendered":"Inscriere gradinita"},"content":{"rendered":"<div class=\"post-content\">\n<p><strong>\u00censcrierea la gr\u0103dini\u021b\u0103 in anul \u0219colar 2024-2025<\/strong><br>Completarea \u0219i validarea cererilor de \u00eenscriere \u00een \u00eenv\u0103\u021b\u0103m\u00e2ntul pre\u0219colar, Etapa I, se vor desf\u0103\u0219ura \u00een perioada 27 mai \u2013 14 iunie 2024.<\/p>\n\n\n\n<p>Documente necesare \u00eenscrierii:<\/p>\n\n\n\n<p>\u00b7&nbsp;&nbsp;&nbsp;&nbsp;&nbsp; Cererea de \u00eenscriere \u2013 disponibil\u0103 \u00een momentul \u00eenceperii procesului de \u00eenscriere<\/p>\n\n\n\n<p>\u00b7&nbsp;&nbsp;&nbsp;&nbsp;&nbsp; Fotocopie&nbsp; certificat de na\u0219tere copil<\/p>\n\n\n\n<p>\u00b7&nbsp;&nbsp;&nbsp;&nbsp;&nbsp; Fotocopie carte de identitate p\u0103rin\u021bi\/reprezentant legal<\/p>\n\n\n\n<p>\u00b7&nbsp;&nbsp;&nbsp;&nbsp;&nbsp; Fotocopie a hot\u0103r\u00e2rii judec\u0103tore\u0219ti definitive din care rezult\u0103 modul \u00een care se exercit\u0103 autoritatea p\u0103rinteasc\u0103 \u0219i unde a fost stabilit\u0103 locuin\u021ba minorului (\u00een cazul p\u0103rin\u021bilor divor\u021ba\u021bi)<\/p>\n\n\n\n<p>\u00b7&nbsp;&nbsp;&nbsp;&nbsp;&nbsp; Avizul ISJ pentru copiii care au v\u00e2rsta, dar nu vor fi \u00eenscri\u0219i la clasa preg\u0103titoare, \u00een anul \u0219colar 2024-2025, din motive medicale.<\/p>\n\n\n\n<p>Documente justificative care s\u0103 ateste \u00eendeplinirea criteriilor generale si\/sau specific.<br>\u00censcrierile se fac la secretariatul \u0219colii din localit\u0103\u021bile Buruiene\u0219ti, str. Al. I. Cuza, nr. 82 \u0219i Dolje\u0219ti, str. Sf\u00e2nta Treime, nr. 12, jude\u021bul Neam\u021b dup\u0103 urm\u0103torul program:<\/p>\n\n\n\n<p>\u2022&nbsp;&nbsp;&nbsp;&nbsp;&nbsp;&nbsp;&nbsp; Luni &#8211; 09:30-13:00<\/p>\n\n\n\n<p>\u2022&nbsp;&nbsp;&nbsp;&nbsp;&nbsp;&nbsp;&nbsp; Mar\u021bi &#8211; 09:30-13:00<\/p>\n\n\n\n<p>\u2022&nbsp;&nbsp;&nbsp;&nbsp;&nbsp;&nbsp;&nbsp; Miercuri &#8211; 09:30-13:00<\/p>\n\n\n\n<p>\u2022&nbsp;&nbsp;&nbsp;&nbsp;&nbsp;&nbsp;&nbsp; Joi &#8211; 09:30-13:00<\/p>\n\n\n\n<p>\u2022&nbsp;&nbsp;&nbsp;&nbsp;&nbsp;&nbsp;&nbsp; Vineri &#8211; 09:30-13:00<\/p>\n\n\n\n<p>Ocuparea locurilor libere se va face \u00een ordinea descresc\u0103toare a grupelor de v\u00e2rst\u0103, copiii de 4 ani av\u00e2nd prioritate la grupa mijlocie, iar cei de 5 ani la grupa mare.<br>\u00cen situa\u021bia \u00een care, num\u0103rul cererilor de \u00eenscriere este mai mare dec\u00e2t num\u0103rul locurilor libere, vor fi aplicate, succesiv, criterii de departajare generale \u0219i criterii de departajare specifice.<\/p>\n\n\n\n<p>\u00cen perioada 20 \u2013 24 Mai 2024 se va desf\u0103\u0219ura Re\u00eenscrierea copiilor care frecventeaz\u0103 \u00een anul \u0219colar 2023-2024 \u0218coala Gimnazial\u0103 \u201dGheorghe P\u0103tra\u0219cu\u201d, Buruiene\u0219ti, \u00eenv\u0103\u021b\u0103m\u00e2nt pre\u0219colar, \u0219i urmeaz\u0103 s\u0103 o frecventeze \u0219i \u00een anul \u0219colar 2024-2025.<\/p>\n\n\n\n<p><a href=\"http:\/\/www.scoalaburuienesti.ro\/wp-content\/uploads\/2024\/04\/Anexa-2-Calendarul-Inscriere-prescolar-si-anteprescolar-2024-2025.pdf\" target=\"_blank\" rel=\"noreferrer noopener\">Anexa-2-Calendarul-Inscriere prescolar si anteprescolar 2024-2025 <\/a><\/p>\n\n\n\n<p><a href=\"http:\/\/www.scoalaburuienesti.ro\/wp-content\/uploads\/2024\/04\/Cerere-reinscriere-gradinita-2024_2025.pdf\" target=\"_blank\" rel=\"noreferrer noopener\">Cerere de re\u00eenscriere la gr\u0103dini\u021b\u0103<\/a>\u00a0 <\/p>\n\n\n\n<p>Program re\u00eenscrieri: luni-joi \u2013 09:00 \u2013 10:00\/12:00 \u2013 13:00<\/p>\n<\/div>","protected":false},"excerpt":{"rendered":"<p>\u00censcrierea la gr\u0103dini\u021b\u0103 in anul \u0219colar 2024-2025Completarea \u0219i validarea cererilor de \u00eenscriere \u00een \u00eenv\u0103\u021b\u0103m\u00e2ntul pre\u0219colar, Etapa<a href=\"https:\/\/www.scoalaburuienesti.ro\/index.php\/inscriere-gradinita\/\">Know More<i class=\"fa fa-long-arrow-right\" aria-hidden=\"true\"><\/i><\/a><\/p>\n","protected":false},"author":1,"featured_media":0,"parent":0,"menu_order":0,"comment_status":"closed","ping_status":"closed","template":"","meta":{"ngg_post_thumbnail":0,"footnotes":""},"class_list":["post-231","page","type-page","status-publish","hentry"],"_links":{"self":[{"href":"https:\/\/www.scoalaburuienesti.ro\/index.php\/wp-json\/wp\/v2\/pages\/231","targetHints":{"allow":["GET"]}}],"collection":[{"href":"https:\/\/www.scoalaburuienesti.ro\/index.php\/wp-json\/wp\/v2\/pages"}],"about":[{"href":"https:\/\/www.scoalaburuienesti.ro\/index.php\/wp-json\/wp\/v2\/types\/page"}],"author":[{"embeddable":true,"href":"https:\/\/www.scoalaburuienesti.ro\/index.php\/wp-json\/wp\/v2\/users\/1"}],"replies":[{"embeddable":true,"href":"https:\/\/www.scoalaburuienesti.ro\/index.php\/wp-json\/wp\/v2\/comments?post=231"}],"version-history":[{"count":1,"href":"https:\/\/www.scoalaburuienesti.ro\/index.php\/wp-json\/wp\/v2\/pages\/231\/revisions"}],"predecessor-version":[{"id":234,"href":"https:\/\/www.scoalaburuienesti.ro\/index.php\/wp-json\/wp\/v2\/pages\/231\/revisions\/234"}],"wp:attachment":[{"href":"https:\/\/www.scoalaburuienesti.ro\/index.php\/wp-json\/wp\/v2\/media?parent=231"}],"curies":[{"name":"wp","href":"https:\/\/api.w.org\/{rel}","templated":true}]}}