{"id":146,"date":"2023-10-13T05:26:59","date_gmt":"2023-10-13T05:26:59","guid":{"rendered":"http:\/\/www.scoalaburuienesti.ro\/?page_id=146"},"modified":"2025-04-29T10:21:46","modified_gmt":"2025-04-29T10:21:46","slug":"galerie","status":"publish","type":"page","link":"https:\/\/www.scoalaburuienesti.ro\/index.php\/galerie\/","title":{"rendered":"Galerie"},"content":{"rendered":"<div class=\"post-content\">\n<p><img decoding=\"async\" alt=\"\ud83d\ude80\" src=\"https:\/\/fonts.gstatic.com\/s\/e\/notoemoji\/15.0\/1f680\/32.png\">&nbsp;Anun\u021b privind demararea implement\u0103rii proiectului&nbsp;<strong>&#8220;<\/strong>Tradi\u0163ii \u0219i obiceiuri str\u0103vechi \u00een suflete de copii\u201d COD 118&nbsp;<img decoding=\"async\" alt=\"\ud83c\uddea\ud83c\uddfa\" src=\"https:\/\/fonts.gstatic.com\/s\/e\/notoemoji\/15.0\/1f1ea_1f1fa\/32.png\"><\/p>\n\n\n\n<p><img decoding=\"async\" alt=\"\ud83d\udc64\" src=\"https:\/\/fonts.gstatic.com\/s\/e\/notoemoji\/15.0\/1f464\/32.png\">&nbsp;Denumire Beneficiar:&nbsp;SCOALA GIMNAZIALA \u201cGHEORGHE PATRASCU\u201d SAT BURUIENESTI, COMUNA DOLJESTI, JUDE\u021aUL NEAM\u021a<\/p>\n\n\n\n<p><img decoding=\"async\" alt=\"\ud83d\udcbc\" src=\"https:\/\/fonts.gstatic.com\/s\/e\/notoemoji\/15.0\/1f4bc\/32.png\">&nbsp;Obiectivele generale ale proiectului \u201eTradi\u0163ii \u0219i obiceiuri str\u0103vechi \u00een suflete de copii\u201d sunt:\u2022 Accesul la cultur\u0103 pentru pentru un grup \u021bint\u0103 de 30 de elevii ai \u015ecoala Gimnaziala \u201cGheorghe P\u0103tra\u0219cu\u201d;<br>\u2022 Promovarea culturii na\u021bionale a obiceiurilor \u0219i valorilor culturii rom\u00e2ne\u0219ti \u00een \u00eentreaga comunitate local\u0103;<br>\u2022 Dezvoltarea \u0219i cre\u0219terea coeziunii prin valorificarea patrimoniului cultural local;<br>\u2022 Dezvoltarea de aptitudini \u0219i cuno\u0219tin\u021be artistice\/de creativitate;<br>\u2022 Cre\u0219terea capacit\u0103\u021bii institu\u021bionale de sus\u021binere \u0219i promovare a crea\u021biei culturale.<br>Obiectivele specifice ale proiectului \u201eTradi\u0163ii \u0219i obiceiuri str\u0103vechi \u00een suflete de copii\u201dsunt:<br>\u2022 \u00cenfiin\u021barea atelierului a artelor vizuale la care s\u0103 participe 30 de elevi ai \u0218colii Gimnaziale\u201cGheorghe P\u0103tra\u0219cu\u201d;<br>\u2022 Cre\u0219terea cu 10% a interesului comunit\u0103\u021bii pentru dezvoltarea \u0219i valorificarea patrimoniului cultural \u0219i natural local;<br>\u2022 Realizarea a 2 parteneriate cultural-artistice.<br>\u2022 Valorificarea abilit\u0103\u021bilor \u0219i deprinderilor artistice, a cuno\u0219tin\u021belor dob\u00e2ndite \u00een urma implic\u0103rii \u00een activit\u0103\u021bile proiectului prin participarea elevilor \u0219i a cadrelor implicate la cel pu\u021bin 1 festival local anual<br>\u00eempreun\u0103 cu partenerii din cadrul proiectului. Proiectul este gestionat de ADMINISTRA\u0162IA FONDULUI CULTURAL NA\u0162IONAL, \u00een calitate de agen\u0163ie de implementare \u0219i finan\u021bat prin Investi\u0163ia I5, Componenta 11, Pilonul IV din Planul Na\u0163ional de<br>Redresare \u0219i Rezilien\u0163\u0103.<\/p>\n\n\n\n<p><img decoding=\"async\" alt=\"\ud83d\udcc5\" src=\"https:\/\/fonts.gstatic.com\/s\/e\/notoemoji\/15.0\/1f4c5\/32.png\">&nbsp;Data de \u00eenceperii proiectului:&nbsp;25.04.2023&nbsp;<\/p>\n\n\n\n<p><img decoding=\"async\" alt=\"\u23f3\" src=\"https:\/\/fonts.gstatic.com\/s\/e\/notoemoji\/15.0\/23f3\/32.png\">&nbsp;Perioada de implementare: 15 luni<\/p>\n\n\n\n<p><img decoding=\"async\" alt=\"\ud83d\udcb0\" src=\"https:\/\/fonts.gstatic.com\/s\/e\/notoemoji\/15.0\/1f4b0\/32.png\">&nbsp;Valoarea proiectului:&nbsp;98.962,00&nbsp;lei<\/p>\n\n\n\n<p>PNRR. Finan\u021bat de Uniunea European\u0103 \u2013 Urm\u0103toareaGenera\u021bieUE<\/p>\n\n\n\n<p><a href=\"https:\/\/mfe.gov.ro\/pnrr\/\">https:\/\/mfe.gov.ro\/pnrr\/<\/a><\/p>\n\n\n\n<p><a href=\"https:\/\/www.facebook.com\/PNRROficial\/\">https:\/\/www.facebook.com\/PNRROficial\/<\/a><\/p>\n\n\n\nngg_shortcode_0_placeholder\n\n\n\n<p>Ast\u0103zi, 11 oct 2023 s-a realizat o vizit\u0103 de monitorizare a programului de tip \u2019\u2019A doua \u0219ans\u0103\u2019\u2019 \u00een unitatea noastr\u0103 \u0219colar\u0103, \u00een cadrul proiectului \u2019\u2019ADS \u2013 Ameliorare. Dezvoltare. Succes de c\u0103tre exper\u021bii Partenerului 1 &#8211; Consiliul Jude\u021bean Neam\u021b. Doamna. Arsene Ramona-Andreea \u2013 Coordonator activit\u0103\u021bi, doamna Sandu Ana-Maria \u2013 expert selec\u021bie \u0219i men\u021binere grup \u021bint\u0103, doamna Niculei-Anic\u0103i Luiza &#8211; expert selec\u021bie \u0219i men\u021binere grup \u021bint\u0103 \u0219i doamna. Rusu Maria-Diana \u2013 expert promovare m\u0103suri&nbsp;ADS.. Ace\u0219tia au purtat un dialog relaxat \u0219i eficient cu elevii celor dou\u0103 grupe care au parcurs programul ADS. \u0218i cu colectivul didactic care a fost implicat ca \u0219i profesori ADS.&nbsp;&nbsp;&nbsp;&nbsp;Prin activit\u0103\u021bile desf\u0103\u0219urate \u00een cadrul acestui proiect s-a oferit oportunitatea cet\u0103\u021benilor din comunitatea noastr\u0103 de a-\u0219i completa studiile obligatori., ace\u0219tia \u00eensu\u0219indu-\u0219i competen\u021bele necesare promov\u0103rii anilor de studiu pe care le-au \u0219i finalizat.Mul\u021bumim tuturor pentru implicarea \u00een acest proiect!<\/p>\n\n\n\nngg_shortcode_1_placeholder\n\n\n\n<p><strong><em>Categoria II: Activit\u0103\u021bi de prevenire, interven\u021bie \u0219i compensare<\/em><\/strong><\/p>\n\n\n\n<p><strong><em>Subcategoria II.1. Activit\u0103\u021bi pentru reducerea absenteismului<\/em><\/strong><\/p>\n\n\n\n<p><strong><em>Activitatea II.1.4. Implicarea in administra\u021biei publica locala<\/em><\/strong><\/p>\n\n\n\n<p><strong>Workshop-ul \u201e\u00cenv\u0103\u021bare activ\u0103 prin metode participative\u201d la \u0218coala Gimnazial\u0103 \u201eGheorghe P\u0103tra\u0219cu\u201d din Buruiene\u0219ti: Implicarea Tinerilor \u00een Deciziile Comunit\u0103\u021bii<\/strong><\/p>\n\n\n\n<p>&nbsp;&nbsp;&nbsp;&nbsp;&nbsp;&nbsp;&nbsp;&nbsp;&nbsp; \u015ecoala Gimnazial\u0103 \u201eGheorghe P\u0103tra\u0219cu\u201d a organizat un workshop menit s\u0103 transforme percep\u021bia elevilor asupra implic\u0103rii \u00een via\u021ba comunit\u0103\u021bii. Sala de \u0219edin\u021be a fost amenajat\u0103 pentru a primi elevii din grupul \u021bint\u0103 al proiectului \u201eReducerea abandonului \u0219colar \u0219i \u00eembun\u0103t\u0103\u021birea performan\u021belor elevilor\u201d.<\/p>\n\n\n\n<p>&nbsp;&nbsp;&nbsp;&nbsp;&nbsp;&nbsp;&nbsp;&nbsp; Activitatea, denumit\u0103 <em>\u201e\u00cenv\u0103\u021bare activ\u0103 prin metode participative pentru a cre\u0219te interesul \u0219i motiva\u021bia elevilor pentru activitatea \u0219colar\u0103\u201d<\/em>, a fost conceput\u0103 pentru a oferi o nou\u0103 dimensiune educa\u021bional\u0103. Aproximativ 28 de elevi au participat cu entuziasm pentru a \u00eenv\u0103\u021ba cum pot influen\u021ba deciziile administra\u021biei publice locale. Atmosfera din sal\u0103 era una de a\u0219teptare \u0219i curiozitate.<\/p>\n\n\n\n<p>&nbsp;&nbsp;&nbsp;&nbsp;&nbsp;&nbsp;&nbsp;&nbsp; Pe parcursul evenimentului, primarul \u0219i consilierii locali au fost prezen\u021bi, cre\u00e2nd un cadru de deschidere \u0219i colaborare. Primarul a subliniat importan\u021ba tinerilor \u00een comunitate, reafirm\u00e2ndu-le rolul crucial pe care \u00eel au \u00een viitorul localit\u0103\u021bii. Aceast\u0103 \u00eent\u00e2lnire a fost un moment potrivit pentru elevi de a-\u0219i exprima opiniile \u0219i nevoile.<\/p>\n\n\n\n<p>&nbsp;&nbsp;&nbsp;&nbsp;&nbsp;&nbsp;&nbsp;&nbsp; Workshop-ul a \u00eenceput cu o \u0219edin\u021b\u0103 de consiliu local, unde elevii au avut ocazia s\u0103 experimenteze procesul decizional. Aceasta activitate le-a oferit o perspectiv\u0103 asupra dinamicii discu\u021biilor \u0219i a provoc\u0103rilor cu care se confrunt\u0103 cei care iau decizii pentru comunitate. Atmosfera a fost una de responsabilitate, amplific\u00e2nd sentimentul c\u0103 ace\u0219tia sunt viitorii cet\u0103\u021beni implica\u021bi.<\/p>\n\n\n\n<p>&nbsp;&nbsp;&nbsp;&nbsp;&nbsp;&nbsp;&nbsp;&nbsp; Dup\u0103 aceast\u0103 sesiune, elevii au participat la un exerci\u021biu practic \u00een care trebuiau s\u0103 identifice nevoile comunit\u0103\u021bii. Fiecare participant a avut ocazia s\u0103 \u00ee\u0219i exprime opiniile, sim\u021bind c\u0103 vocea sa conteaz\u0103.<\/p>\n\n\n\n<p>&nbsp;&nbsp;&nbsp;&nbsp;&nbsp;&nbsp;&nbsp;&nbsp; \u00cen continuare, elevii au fost \u00eencuraja\u021bi s\u0103 propun\u0103 solu\u021bii creative pentru problemele identificate. Discu\u021biile au devenit mai animate, elevii concentr\u00e2ndu-se pe generarea de idei inovative care ar putea contribui la dezvoltarea comunit\u0103\u021bii. Propunerile au inclus sugestii de organizare a unor \u00eent\u00e2lniri de informare pentru tineri, precum \u0219i colaborarea cu speciali\u0219ti pentru dezvoltarea abilit\u0103\u021bilor.<\/p>\n\n\n\n<p>&nbsp;&nbsp;&nbsp;&nbsp;&nbsp;&nbsp;&nbsp;&nbsp; La finalul workshop-ului, elevii au prezentat solu\u021biile lor \u00een fa\u021ba primarului \u0219i a consilierilor, momentul reprezent\u00e2nd nu doar un exerci\u021biu educa\u021bional, ci \u0219i o oportunitate de dialog real cu factorii de decizie din comunitate. Un consilier a eviden\u021biat importan\u021ba tinerilor, subliniind c\u0103 ace\u0219tia reprezint\u0103 o parte esen\u021bial\u0103 a viitorului localit\u0103\u021bii.<\/p>\n<\/div>","protected":false},"excerpt":{"rendered":"<p>&nbsp;Anun\u021b privind demararea implement\u0103rii proiectului&nbsp;&#8220;Tradi\u0163ii \u0219i obiceiuri str\u0103vechi \u00een suflete de copii\u201d COD 118&nbsp; &nbsp;Denumire Beneficiar:&nbsp;SCOALA<a href=\"https:\/\/www.scoalaburuienesti.ro\/index.php\/galerie\/\">Know More<i class=\"fa fa-long-arrow-right\" aria-hidden=\"true\"><\/i><\/a><\/p>\n","protected":false},"author":1,"featured_media":0,"parent":0,"menu_order":0,"comment_status":"closed","ping_status":"closed","template":"","meta":{"ngg_post_thumbnail":0,"footnotes":""},"class_list":["post-146","page","type-page","status-publish","hentry"],"_links":{"self":[{"href":"https:\/\/www.scoalaburuienesti.ro\/index.php\/wp-json\/wp\/v2\/pages\/146","targetHints":{"allow":["GET"]}}],"collection":[{"href":"https:\/\/www.scoalaburuienesti.ro\/index.php\/wp-json\/wp\/v2\/pages"}],"about":[{"href":"https:\/\/www.scoalaburuienesti.ro\/index.php\/wp-json\/wp\/v2\/types\/page"}],"author":[{"embeddable":true,"href":"https:\/\/www.scoalaburuienesti.ro\/index.php\/wp-json\/wp\/v2\/users\/1"}],"replies":[{"embeddable":true,"href":"https:\/\/www.scoalaburuienesti.ro\/index.php\/wp-json\/wp\/v2\/comments?post=146"}],"version-history":[{"count":5,"href":"https:\/\/www.scoalaburuienesti.ro\/index.php\/wp-json\/wp\/v2\/pages\/146\/revisions"}],"predecessor-version":[{"id":346,"href":"https:\/\/www.scoalaburuienesti.ro\/index.php\/wp-json\/wp\/v2\/pages\/146\/revisions\/346"}],"wp:attachment":[{"href":"https:\/\/www.scoalaburuienesti.ro\/index.php\/wp-json\/wp\/v2\/media?parent=146"}],"curies":[{"name":"wp","href":"https:\/\/api.w.org\/{rel}","templated":true}]}}